(-11 - -14)*(-2)/(-2). Suppose v - 202 = -3*h, -2*v - s*h = v - 582. What is the tens digit of v?
9
Let y(d) = d**3 - 13*d**2 - 37*d + 49. Suppose 0 = 17*n - 209 - 63. What is the units digit of y(n)?
5
Suppose w + 248 = 5*q, w - 19 = -q + 33. What is the hundreds digit of -7 + q/6 - 6108/(-9)?
6
Let n(k) = -19*k + 243. Let p be n(-6). Suppose -2*d + 0*d + 40 = 0. Suppose p + d = 3*s - i, 3*i = -3*s + 357. What is the units digit of s?
4
Let z(d) = -4207*d + 7517. What is the hundreds digit of z(-12)?
0
Let c(w) be the second derivative of 5*w**4/6 - 11*w**3/6 - 34*w - 2. What is the units digit of c(-4)?
4
Suppose 17 + 22 = 13*j. Suppose 466 = -j*c - 341. What is the tens digit of 1/5 - (c/5 + -2)?
5
Let a(y) = y**3 - 27*y**2 + 24*y + 48. Let i be a(26). Let z be 2/i + 1/2. Suppose z = -5*k - 3*k + 1064. What is the tens digit of k?
3
Let u(z) be the first derivative of -159*z**2/2 - 15*z - 40. What is the units digit of u(-2)?
3
Let x be (13/(-26))/(0 - 2/8). Suppose 3*w = -3*l + 3399, 1010 = 2*w - x*l - 1276. What is the units digit of w?
8
Let m(h) be the first derivative of 145*h**3/3 + h**2/2 - 2*h - 54. Let v be 2*(0 + (-1)/(-2)). What is the tens digit of m(v)?
4
Let h(o) = 2*o**2 + 36*o + 1. Let j(z) = -z**2 - 18*z. Let t(c) = 2*h(c) + 5*j(c). Let r be t(-18). What is the tens digit of (12/8 + -3)*r - -22?
1
Suppose 5*q - 25 = 0, 4*r + r - 45 = -5*q. Let u(o) = 156*o - 38. What is the tens digit of u(r)?
8
Suppose -2*c - 7 = -r, 0 = -3*c + 5*r + 10 - 38. Let y be -3*(c - -2)*(-126)/27. Suppose y*u + 60 = 16*u. What is the tens digit of u?
3
Let g(n) = -1610*n - 408. What is the units digit of g(-7)?
2
Suppose -3*m - 28 = -3*j - j, -4*m + 3*j - 42 = 0. What is the tens digit of m/90*-6 - (-2226)/5?
4
Suppose -4*d - 4*y = 182 + 78, 2*d + y + 128 = 0. Let g = 64 + d. What is the tens digit of (-219 + -8)*(-1)/1*g?
2
Let a be (((-1)/(-1) + -1)/(-4))/(-1). What is the tens digit of (223 - a)/((-7)/(-14))?
4
What is the ten thousands digit of (6880/(-200))/(8/(-15180))?
6
Suppose -2*m - 116 = p, -m + 2*p = m + 116. Let r = 315 + m. What is the units digit of r?
7
Let p(q) be the second derivative of -5*q**3 + 7*q**2 + 6*q + 1. What is the units digit of p(-13)?
4
Suppose -230*g + 19376 = -216*g. What is the hundreds digit of g?
3
Let c = 31911 - 10879. What is the thousands digit of c?
1
Suppose 11155164 = 269*l + 190186. What is the units digit of l?
2
Suppose 2*a + 4*h = -4 - 10, 35 = -5*a + 3*h. What is the hundreds digit of 12061/28 - (14/8)/a?
4
Let f be -1001 - ((2 - 0) + -2). Let a = -556 - f. Suppose -4*d = d - a. What is the units digit of d?
9
Let d = -1497 - -31987. What is the hundreds digit of d?
4
Let f(d) be the second derivative of d**5/10 - 17*d**4/12 - 11*d**3/3 + 8*d**2 - 3*d - 34. What is the units digit of f(10)?
6
Let i = -20178 - -35522. What is the units digit of i?
4
Let g(b) = -4*b + 0*b - 9 + 3 - 2*b**3 - 5*b**2 - 8*b**3. Let a be g(-3). Let i = a - 142. What is the units digit of i?
9
Suppose -m - 5*v = -40747 + 13364, -4*m = -3*v - 109624. What is the thousands digit of m?
7
Let a(v) = v**2 - 11*v + 7. Let y be a(7). Let u = 23 + y. Suppose -6*t + u*t + 444 = 0. What is the hundreds digit of t?
1
Suppose 0 = -4*u - 4, 1481 = 4*j - 3*u - 2*u. What is the hundreds digit of j?
3
Suppose 4004204 = -182*l + 298*l. What is the units digit of l?
9
Suppose -722 = 3*x - 5*t, -x - 2*t + 1216 = -6*x. Let a = -21 - x. What is the hundreds digit of a?
2
Let n(j) be the first derivative of j**3/3 - 5*j**2/2 - 26*j + 3. Let l be n(8). Let s = 68 - l. What is the tens digit of s?
7
Let o be (0/(9 + -2))/(-4). Suppose -x - 257 + 1011 = o. What is the units digit of x?
4
Suppose -3*r + y = -158 - 125, 3*y = -3*r + 267. Let i = 195 - r. Let t = i - -79. What is the tens digit of t?
8
Let z(v) = -6*v - 285. Let k be z(-17). Let u = k - -766. What is the units digit of u?
3
Let g(k) = -955*k + 264. What is the ten thousands digit of g(-19)?
1
Suppose 3*a = -4*i - 3393, 3*i - 4*a + 914 = -1662. Let u = 2360 + i. What is the tens digit of u?
0
Suppose -3*k = 22 - 832. Let o = 140 + k. What is the hundreds digit of o?
4
Suppose 8*x + 4*s = 7*x + 7993, 3*x + 3*s = 24006. What is the tens digit of x?
0
What is the thousands digit of -8*(-247128)/192*5?
1
Suppose 2*c = -2*b - 2*b - 14, 0 = 4*c - 4*b - 8. What is the tens digit of 453 - -6*c/3?
5
Let x(w) = -11*w**3 - 30*w**2 - 251*w - 8. What is the thousands digit of x(-7)?
4
What is the thousands digit of (-253)/138 - -1 - (-600910)/12?
0
Suppose 3*t + 3*a + 994 = 2*a, 3*t - a + 992 = 0. Let y(d) = 3*d + 3. Let m be y(-4). What is the units digit of (-4)/(-18) - -1*t/m?
7
Suppose 3*m - 4686 - 13572 = 1368. What is the units digit of m?
2
Suppose n = 78 + 31. Let p = 203 - 198. Suppose 0 = -p*f + 481 + n. What is the hundreds digit of f?
1
Let i(t) = 45*t**2 + 120*t - 131. What is the ten thousands digit of i(-25)?
2
Let b = 60 + -52. Suppose -2*g + 4*f = 3 - 7, -2*f + b = 4*g. Suppose 0 = -g*m - 5*r + 77, -3*r + 102 = 3*m - 9. What is the units digit of m?
6
Suppose 0 = -4*v - 22 + 10, -11381 = -4*r - 5*v. What is the thousands digit of r?
2
Let p be 8470/6 + 34/(-51). Suppose 0 = 11*g - p - 1570. What is the tens digit of g?
7
Let k = 39396 + -25779. What is the hundreds digit of k?
6
Suppose 2*a = 4*x - 266506, -216080 - 50433 = -4*x + 3*a. What is the ten thousands digit of x?
6
Let a(x) be the second derivative of -x**5/20 - 7*x**4/4 - x**3/2 + 49*x**2/2 - 16*x. What is the tens digit of a(-21)?
1
Let t = 325 + 219. Let q = 2188 - t. What is the thousands digit of q?
1
Let m(j) = -j**3 + 51*j**2 + 107*j - 66. What is the hundreds digit of m(48)?
9
Let q = -98092 + 141012. What is the ten thousands digit of q?
4
Let f = 13092 + -7728. What is the tens digit of f/15 - (-11)/((-275)/(-10))?
5
Let o(f) = f**3 + 8*f**2 + 16*f + 14. Suppose 4*p - 13 + 37 = 0. Let x be o(p). Let a = x - -117. What is the units digit of a?
7
Suppose 10*w + 4*o = 7*w + 1375, -5*w + 2*o + 2309 = 0. What is the hundreds digit of w?
4
What is the thousands digit of ((-13190)/3)/((-27)/(1053/26))?
6
What is the tens digit of ((-10032)/(-60))/(27/4320)?
5
Let z(y) be the second derivative of y**4/3 - 13*y**3/6 + 13*y**2/2 - 10*y. What is the hundreds digit of z(-5)?
1
Let h(m) = 2*m**3 - 18*m**2 - 5*m - 39. Let g be h(10). Suppose 109*q + 2864 = g*q. What is the hundreds digit of q?
4
What is the ten thousands digit of ((-103305)/9 + (-70)/(-10))/(14/(-21))?
1
Suppose 52 + 107 = -4*m + c, -5*m - 210 = c. Let z = m + 46. Suppose -34 - z = -o. What is the tens digit of o?
3
Let r be (-3)/3*-331 + (-1 - -5). Suppose p + 345 = m, -2*m - p = -m - r. What is the units digit of m?
0
Let w(n) = 34*n**3 + 15*n**2 - 105*n + 602. What is the tens digit of w(6)?
5
Let n = 70 + -76. Let s be 3/n - 3244/(-8). Suppose -813 - s = -6*r. What is the tens digit of r?
0
Suppose 5*n + 5 = -0*n. Let g(m) = 20*m - 20*m + 35*m**2 - 4*m - 3 + 25*m**2 + 6*m**2. What is the tens digit of g(n)?
6
Let w = 6600 + -4861. What is the thousands digit of w?
1
Let v(k) = k**2 - 10*k. Let m be v(12). Suppose -m*i = -22*i - 210. Suppose 3*d - i = 2*d - 4*j, 0 = -3*d - j + 260. What is the tens digit of d?
8
Let v be (-5 + 4)/(-4) - (-6)/8. Let o = v - -2. What is the units digit of (-2 - -1)*(-198)/o?
6
Suppose 8*w = -13*w + 14721. Let q = w - 16. What is the tens digit of q?
8
Let v = -651 + 401. Let z = -73 - v. What is the tens digit of z?
7
Let y = 56 + -47. Suppose 5*b = -16 - y. Let o(d) = -14*d - 19. What is the tens digit of o(b)?
5
Let r be 33/30*2*(3 - -2). What is the tens digit of r/(33/9) - -551?
5
Suppose -226742 = -4*i + 5*j, -4*i - 5*j - 40487 = -267289. What is the tens digit of i?
9
Let l be 0 - 0 - (-1732)/4. Let a be 2/(-1) + 1 + l. What is the hundreds digit of (36/16)/(6/a)?
1
What is the units digit of (238 + -116)/((-6)/(-1107))?
9
Let g(x) = 29*x - 15*x - 8*x - 7*x + 565*x**2. What is the hundreds digit of g(1)?
5
Let q(w) = -377*w + 380. What is the units digit of q(-78)?
6
Let k = -1523 + 3502. What is the hundreds digit of k?
9
Suppose 0 = h - 4, 0 = 3*d - 4*h + 3*h - 53495. Suppose d = 15*n + 2*n. What is the hundreds digit of n?
0
Suppose -7*d + 4177 = -933. Suppose -7*o + 390 = -d. What is the tens digit of o?
6
L